 -3*s = 3*p - 15. Suppose 3*n + 4*r - 9 = -2, -5*r + 6 = n. Is 33 + s*n/1 prime?
False
Let l be 2 + (-11)/(44/1248). Let d = 617 + l. Is d composite?
False
Let t = 3 - 5. Let c = t + -2. Is (1*-2)/(c/26) composite?
False
Let k be (-4)/(16/(-10))*4. Let t be (-85)/k*(-1 - 1). Is (-5)/(-2 + 33/t) a prime number?
False
Let i = 449 + -258. Is i a prime number?
True
Suppose -s - 2 = -5. Suppose -3*n = -2*o + 12, -o + s*n + n = -16. Suppose -100 = 3*l - 2*m - 291, l + m - 72 = o. Is l a prime number?
True
Let w(x) = -x**2 - 5*x + 6. Let j be w(-5). Let p(g) = g**2 - 5*g - 4. Let v be p(j). Suppose 3*o - v*o - 53 = 0. Is o a composite number?
False
Let h(g) = g**3 + g + 188. Let n be h(0). Let o = n - 111. Is o composite?
True
Suppose -165 + 798 = 3*t. Is t prime?
True
Suppose -u + 23 = -2*r - 44, -2*r - 58 = 2*u. Let l = r + 48. Suppose -5*t - 2*v - l = -48, 28 = 4*t + 4*v. Is t a composite number?
True
Suppose 12033 = 5*a - 2*a. Suppose 5*k + 20 = -0. Is (k/(-6))/(14/a) a composite number?
False
Let c(t) be the third derivative of -127*t**4/24 - 7*t**2. Is c(-1) a composite number?
False
Let u be (-167)/(2/(-2)) + 2. Suppose r - 3*m + 0 = 65, 3*r = -4*m + u. Is r prime?
True
Suppose 1 = o - 2*w + 11, 0 = -4*o - 4*w + 20. Suppose 5*t + o*g = -4*g + 26, -3*g = 3*t - 18. Let x(b) = 3*b**3 + 2*b**2 + 3*b - 3. Is x(t) prime?
False
Let i(b) = 5*b**3 + 6*b**2 - 6*b + 5. Let u be i(4). Suppose -4*m = -16, -5*g = -5*m - u - 508. Is g a prime number?
False
Is 496 + (-8)/(-20) + (-26)/(-10) composite?
False
Suppose -b + 488 = -303. Is b a composite number?
True
Let z = 164 - -239. Is z a composite number?
True
Let s(u) = -1 + 11*u**2 + 3 + u - 5*u**2. Is s(3) a prime number?
True
Suppose -5*v = -6 - 4. Is 2 + v*(-242)/(-4) a prime number?
False
Let f = 272 + -151. Let o = 372 - f. Is o a prime number?
True
Let z(n) be the second derivative of 3*n**3/2 - n**2 + 4*n. Is z(4) a composite number?
True
Suppose 2*r = 2*p - 824, -125 - 299 = -p + 5*r. Is p a composite number?
False
Is (1 - 18)*-1 - 3 a prime number?
False
Is 157/2 + 5/10 prime?
True
Suppose 3957 = 5*k - 4*b - 3534, 5*b = -4*k + 5960. Suppose -3*l + k = 2*l. Is l prime?
False
Let l(f) = -22*f - 5. Is l(-6) a prime number?
True
Let f = -8 - -7. Let r(j) = -79*j - 3. Let b be r(-2). Is (-16 - f)*b/(-15) a composite number?
True
Let j be 2/1 - -54 - -3. Let v = 124 - j. Is v a composite number?
True
Suppose -2*p - 3*p = -10. Let m(o) = 63*o + 3. Is m(p) a prime number?
False
Is (196/(-6))/(12/(-18)) composite?
True
Let q = 52 + -36. Let l = q - 26. Is 38*(l/4 + 3) a prime number?
True
Suppose -s = -5*y - 2308, 0 = -2*s + 5*s + 4*y - 7019. Is s composite?
False
Let v be 4/((-12)/(-5))*3. Suppose -5*u - 19 = -2*d, -v*u - 5*d = -2*d + 9. Is (106/(-4))/(u/6) a prime number?
True
Suppose -h + 0*h + 53 = 0. Is h a composite number?
False
Let s(c) = c + 1. Let l be s(-5). Let y = l + 2. Is 10/(-2) - y - -82 a prime number?
True
Let s(d) = 9*d**2 - 5*d + 3. Is s(4) prime?
True
Suppose 3*h + 42 = -0*h. Suppose -y + 7*g - 3*g = -55, 4 = 2*g. Let s = h + y. Is s composite?
True
Suppose 48 = 2*i - 2*w, -14 = -i - 3*w + 2*w. Let r = i + -10. Is r composite?
True
Let x(g) = g**3 - 4*g**2 + 5*g - 4. Let i be x(3). Suppose -l - 2*l + i*s + 1478 = 0, 2464 = 5*l - 3*s. Let q = l - 289. Is q composite?
True
Let d(s) = -s**3 - s**2 + s. Let y be d(-2). Let t = 2 + y. Is t prime?
False
Let l = -3 - -14. Is (128 + -1)*11/l a prime number?
True
Let v(s) = -125*s. Let y be v(-4). Let p = y + -207. Is p a composite number?
False
Suppose -g + b - 2 = 0, -3*g + 1 + 1 = b. Suppose g = -n + 2. Suppose 2*j - 110 = q, -n*q + 68 = 3*j - 97. Is j prime?
False
Let j be 4/10 - 81/15. Let w(c) = -c**2 - c + 7. Let y be w(j). Let q = y - -28. Is q prime?
False
Suppose -3164 = -5*y - g + 4*g, -3*y + 4*g = -1905. Is y a prime number?
True
Let d = 18 - 30. Is (43 - -2) + d/(-3) a prime number?
False
Let d = 107 + -20. Suppose -5*v + 150 = -2*v. Let q = d - v. Is q a composite number?
False
Suppose -5*k = a + 19, 0*a - 4*k - 18 = -2*a. Let g(x) = 194*x + 1. Let h be g(4). Is a/(-2 + h/387) prime?
False
Let l(p) = p - 1. Let j be l(7). Let a = -9 + j. Is (-2)/a - (-192)/9 a composite number?
True
Suppose v + 6959 = 4*v - 2*d, 4646 = 2*v - 3*d. Is v a prime number?
False
Suppose -5*j = -0*j + 3*c - 152, -3*j - 3*c + 96 = 0. Let r = 42 - -1. Let l = r - j. Is l a composite number?
True
Is 63 - ((-9)/3 - 1) a prime number?
True
Is ((-12)/(-36))/(1/8331) composite?
False
Let w(p) = p - 14. Let h be w(13). Let z be (-4 - h)/(-2 + 1). Suppose 2*l = z*n + 131, 0 = -3*l - 4*n + n + 204. Is l prime?
True
Suppose -1065 = -0*d - 3*d. Is d prime?
False
Suppose 3*d - 1100 - 1927 = 0. Is d prime?
True
Is (-1548)/(-6) + (3 - 2) prime?
False
Suppose 2 - 7 = 5*f. Let l(m) = 817*m**2 + 2*m + 1. Let u be l(f). Suppose -5*j - 1017 = -5*c - 3*j, -4*j - u = -4*c. Is c composite?
True
Let p(r) = 14*r**2 + 6*r - 15. Is p(4) a composite number?
False
Suppose 27*h = 30*h - 447. Suppose -v + h = -0*v. Is v a prime number?
True
Let v = 25 - -104. Suppose 7*l = 4*l + v. Is l a composite number?
False
Let a(y) be the second derivative of 11*y**6/144 + y**5/120 - y**4/4 + 2*y. Let j(u) be the third derivative of a(u). Is j(2) composite?
True
Let c(a) = 5*a**2 + 7*a + 1. Suppose -45 = 5*p + 5*z, -5*p + 0*z - 17 = -2*z. Is c(p) a prime number?
False
Is -1 + 292/(-3)*3/(-2) composite?
True
Is 275/13 - 10/65 a prime number?
False
Let g = 104 + -68. Suppose i - g = 215. Is i composite?
False
Is (-1022)/(-2) + 4 + 0 composite?
True
Let v(z) = -1203*z - 8. Is v(-5) prime?
True
Let q(d) be the second derivative of -99*d**3/2 - d**2 - 6*d. Is q(-3) a composite number?
True
Is (-16)/24 + 3214/6 a composite number?
True
Let o(g) be the third derivative of g**5/60 + g**4/24 - g**3/6 + g**2. Let x be o(-6). Suppose -4*q + 148 = 4*r, 2*r - 5*q + x = 3*r. Is r a composite number?
True
Let p(y) be the first derivative of -y**3/3 - 9*y**2/2 - 4*y - 3. Is p(-8) a prime number?
False
Suppose v = 2*v + 4*n + 10, -n = 3*v + 19. Let k = -25 - v. Let t = k + 33. Is t prime?
False
Let p = 11 - 9. Is p a composite number?
False
Let n be (1 - 7)*75/(-9). Suppose 5*r - 2*c - n = 3*c, 5*r = -5*c + 80. Is r prime?
True
Suppose -3*h + 911 = 14. Is h a prime number?
False
Let l(z) = -z**3 - z**2 + 2*z - 1. Suppose 12 = 4*y - 0, 2*p - 11 = -3*y. Let i be l(p). Is (1 - 1/i) + 13 a prime number?
False
Is 1/((-3)/(-564)*4) prime?
True
Suppose 2*v + 4*z - 10 = 0, -2*v - z + 5 = v. Is ((-2)/(-6))/(v/345) a composite number?
True
Let j be 1 + 105 + (4 - 1). Let u = -202 + 386. Let m = u + j. Is m a composite number?
False
Suppose 4*y = -y + 705. Suppose 5*k + y - 736 = 0. Is k composite?
True
Suppose 0 = -0*s + s + 4*f - 106, -2*s + 182 = 2*f. Is s prime?
False
Let p(s) = -5*s + 2*s + s + 6. Let d be p(6). Is (-165)/d*(-8)/(-10) a prime number?
False
Suppose -2*y = -5*s - 5 - 4, 5*y + s = 9. Suppose 4*b = -5*m - 44, y*b = 6*b - 2*m + 44. Let r = 500 - b. Is r composite?
True
Suppose -m + 3*m = 3*p + 453, -4*p = -3*m + 603. Let k = p - -225. Suppose 5*t = -4*u + 20 + k, u - 23 = 4*t. Is u composite?
False
Let l(f) = 33*f - 3. Let h(p) = -16*p + 1. Let j(n) = -9*h(n) - 5*l(n). Is j(-5) a prime number?
False
Suppose -5*t = -2*v + 19, -5*v + t + 16 = -t. Suppose l + v*c - 109 = 0, 3*c = -2*l - 2*c + 217. Is l a prime number?
False
Let m(d) = 34*d - 11. Let y(a) = 11*a - 4. Let v(h) = 6*m(h) - 17*y(h). Suppose 2*z - 15 = -3*z. Is v(z) composite?
False
Let x = 797 - 456. Is x prime?
False
Let p(j) = -12*j + 3*j + 0*j. Is p(-1) a composite number?
True
Is (38/(-8))/(14/(-56)) a composite number?
False
Suppose 4*r = -3*b + 96, 14 = r - b - 3. Suppose -16 - r = -w. Is w a composite number?
False
Let r(m) = -m + 11. Let c be r(9). Suppose 6 + c = 4*k. Suppose 3*g - 13 - 20 = 5*d, -2*g = k*d - 22. Is g composite?
False
Let x(u) = -16*u + 18. Let k(i) = 5*i - 6. Let m(f) = -17*k(f) - 6*x(f). Is m(5) prime?
False
Suppose 0*o - 3*c = 4*o - 19132, -4*o + 19132 = -4*c. Is o a prime number?
True
Let d(c) be the third derivative of 0 + 0*c + 1/60*c**5 + 7/24*c**4 - 2/3*c**3 + 3*c**2. Is d(-13) composite?
True
Suppose -2*y = 5*k + 11, -k + 0*k = 2*y - 1. Suppose -3*h - 7 = 4*q, -3*h + 6 = -y*q - 11. Is (-6)/9*h - -49 a prime 